5*a**2 - 17*a - 8. Let o(d) = 4*c(d) + 11*s(d). Suppose -16 = 9*v - v. Determine o(v).
-3
Let n(f) be the first derivative of -2*f**3/3 - 5*f**2 - 8*f + 118. What is n(-6)?
-20
Let z(a) = a**3 + 5*a**2 - 3*a + 4. Let j(m) = -2*m**2 + 8*m + 4. Let t be j(5). What is z(t)?
-14
Let c(o) = 13*o + 3. Let g = 112 - 107. Let u(i) = 9*i + 2. Let r(t) = g*c(t) - 7*u(t). Calculate r(-5).
-9
Suppose 34*f = 63*f - 58. Let l(u) be the first derivative of 2 + 2/3*u**3 - 1/2*u**f + 0*u. Calculate l(3).
15
Suppose -45*i + 115 + 65 = 0. Let h(f) = f**2 - 8*f + 1. What is h(i)?
-15
Let g(f) be the second derivative of -f**4/12 - f**3/6 + f**2 - 3*f. Suppose -5*n + 18 - 3 = 0. Suppose -2*t - n*t = 15. What is g(t)?
-4
Let g(c) = c**2 + 7*c + 1. Let u(s) = -2*s**2 - 8*s - 1. Let b(r) = 3*g(r) + 2*u(r). Let f = 28 + -27. Let m be 0 - (f + -2) - -3. Give b(m).
5
Let m(i) be the first derivative of -i**6/360 - i**5/30 - i**4/6 + i**3/3 + 8. Let f(b) be the third derivative of m(b). What is f(-5)?
-9
Let h(b) be the second derivative of -b**5/20 - 6*b**2 + 2*b - 14. Give h(0).
-12
Suppose -y = -u + 5, -4*u - y - y = -32. Let l(x) be the second derivative of -1/3*x**3 + 23*x + 0 + 7/2*x**2. Calculate l(u).
-7
Let t(f) = -f**3 + 8*f**2 - 7*f - 7. Suppose -v - 9 = -3*x - 22, -v + 2*x + 11 = 0. Calculate t(v).
-7
Let y(n) be the third derivative of n**5/60 + 5*n**4/24 + n**3 - 46*n**2. Let j be 10/(-3)*6/5. Give y(j).
2
Let r(d) be the first derivative of 7*d + 24 + 3*d**2 - 1/3*d**3. Calculate r(5).
12
Let h(y) = y**2 + 16*y + 28. Let o(x) = -2*x**2 - 32*x - 53. Let r(j) = 5*h(j) + 3*o(j). What is r(-14)?
9
Let t(n) = -2*n + 12. Suppose -93 - 11 = -13*a. Determine t(a).
-4
Let x(c) = -6*c - 1. Suppose -4*p - 121 + 113 = 4*d, 4*d - 2*p = -2. Calculate x(d).
5
Let s(h) = -7*h + 0 + 5 + 2. Let y(k) = -4*k + 3. Let d(m) = -3*s(m) + 5*y(m). Let i(x) = x - 3. Let g be i(3). Determine d(g).
-6
Let v(g) = -g**2 - 2*g + 16. Suppose -j - 16 = 3*t, 0 = -5*j + 22 - 27. What is v(t)?
1
Let s be 1 - (-99)/21 - (-4)/14. Let p(n) = -n**3 + 7*n**2 + n. What is p(s)?
42
Let l = 237 - 235. Suppose 2*v = 4, 3*u - 21 = -2*u - 3*v. Let g(y) = u*y - 2*y + 3*y + 1. What is g(l)?
9
Suppose 4*v - 14 = 5*y + 4, 0 = y + 2*v - 2. Let u(f) = 3*f**2 - 8*f + 1. Let m(q) = 2*q. Let d(h) = -5*m(h) - u(h). Calculate d(y).
-9
Let z(l) be the first derivative of -l**2 + 6*l + 96. Give z(-10).
26
Let u(j) = 3 - 52*j + 29*j + 26*j. Let d(q) = q**3 + 8*q**2 - q - 4. Let f be d(-8). Suppose -12 = 2*y - 2*w, 0 = f*y + y - 4*w + 28. Determine u(y).
-9
Let m(u) = -8*u - 5*u**2 - 5*u**2 - u**3 - 2 + 3*u**2. Let n(c) = c - 1. Let p be n(3). Suppose 2*f - p = -14. Calculate m(f).
10
Let d(n) = n**3 - 8*n**2 + 11*n + 2. Let j be d(3). Let f(h) = h**2 + 9*h - 7. What is f(j)?
3
Let z(r) = r**2 + 7*r - 5. Let o be z(-8). Let k(p) = 23*p + p**3 + 0*p**2 - 26*p + o*p**2. Determine k(-4).
-4
Let x(l) be the second derivative of 1/12*l**4 + 2/3*l**3 - 13*l + 0 + 0*l**2. Determine x(-3).
-3
Let k(c) = 2*c + 17. Suppose w + 3 = 3*q, 0 = 3*w - 4*w + 4*q. Calculate k(w).
-7
Let h(s) = -3*s + 1. Let y(k) = -4*k + 1. Let l(i) = 6*h(i) - 5*y(i). Determine l(1).
3
Let k(t) be the first derivative of t**3/3 + 7*t**2/2 + 3*t - 78. What is k(-4)?
-9
Let n(l) = -l**3 + 4*l**2 + 5*l + 2. Let j(y) = -y**2 + 5*y - 18. Let h be j(5). Let t be (-11 - -2)/((-1)/2). Let w be t/(-81) - 94/h. What is n(w)?
2
Let y(c) = -c**3 + c + 6. Let u(p) = p**3 - 17*p**2 - 17*p - 18. Let r(v) = -v**3 + 7*v**2 + 8*v + 18. Let f be r(8). Let s be u(f). Calculate y(s).
6
Let x(g) = -6*g - 124. Let z be x(-22). Let n(k) = 8*k - 11 + k - k**3 + 7*k**2 + 0*k**3. What is n(z)?
-3
Let k(h) = 3*h + 6. Let z(w) = -w - 2 + 2 - 1. Let g be z(-6). Calculate k(g).
21
Let t be (-11 - 7)*(-3)/6. Suppose t*w - 89 = 1. Let g(p) = -p**3 + 10*p**2 + p - 13. Determine g(w).
-3
Let w = -3474 + 3472. Let f(d) be the first derivative of d**2/2 + d + 1. Determine f(w).
-1
Let n(a) = 2*a. Let m(t) = 3*t. Suppose b + 1 + 1 = -g, 0 = -b - 3*g. Let z(p) = b*m(p) + 5*n(p). Let v be 1/(-5) - 48/(-15). What is z(v)?
3
Let f(u) = -u**2 - 9*u - 5. Let s = -220 - -213. Determine f(s).
9
Suppose 16*d = 18*d + 172. Let g = 91 + d. Let j(z) = z**2 - 2*z + 4. Give j(g).
19
Let c(a) = 15*a**3 + 16*a**2 - 17*a - 14. Let t(s) = -26*s**3 - 32*s**2 + 34*s + 26. Let j(d) = -7*c(d) - 4*t(d). Give j(15).
-36
Let q(z) be the first derivative of -z**4/12 - 5*z**3/3 - 5*z**2/2 - 24*z - 21. Let a(u) be the first derivative of q(u). What is a(-9)?
4
Let x(q) = q**2 + 3*q - 3. Let h(j) = 2*j**2 + 7*j - 6. Let n(z) = 2*h(z) - 5*x(z). Let a be n(-3). Let m(v) = v**3 - 2*v + 1. Give m(a).
-20
Let x(j) = -6*j**3 - 13*j**2 - 21*j + 4. Let t(r) = -5*r**3 - 13*r**2 - 21*r + 5. Let k(v) = 5*t(v) - 4*x(v). Calculate k(-11).
-2
Let b = -44 - -46. Let h(r) = -b + 0 - 4 + 0 + 2*r. Calculate h(6).
6
Let n(a) = a - 1. Let w(m) = -4*m**3 + 6*m - 6. Let j(y) = -6*n(y) + w(y). Suppose 2*l + 3 + 1 = 0. Let t = 1 + l. What is j(t)?
4
Let u be (4/8 - -2)*6. Let k be 8/(-3)*u/(-10). Suppose -k = z - 0. Let r(t) = t**3 + 5*t**2 + 5*t + 6. Give r(z).
2
Let m(q) be the first derivative of -q**2/2 + 8*q - 12. Suppose -2*j = 8, 5*j - 5 + 37 = 2*z. Determine m(z).
2
Let g(t) = t**3 + 6*t**2 - 2*t - 5. Let v(j) = 0*j + 3*j**3 - 4*j**2 + 16*j**2 - 4*j - 9. Let s(a) = -5*g(a) + 2*v(a). What is s(5)?
-8
Let o be (-1)/((-15)/(-9) - 2). Let n(m) be the first derivative of -m**4/4 + 2*m**3/3 + m**2/2 - 258. Determine n(o).
-6
Let l(j) = -j - 3. Let u = -51 - -63. Calculate l(u).
-15
Suppose 6*o = 8*o + 10. Let g be (-1 + (o - -2))/(-2). Let i(p) = -6*p + 3*p + 10*p**3 + 4*p**g - 9*p**3. What is i(-4)?
12
Suppose 0 = 2*c - 3*c + 7. Suppose 3*a = j + 7, 5*j = 5*a + 2 - c. Let x(u) = -3*u + 6. Let k(m) = 1. Let l(n) = 6*k(n) - x(n). Calculate l(j).
6
Let n(t) be the first derivative of 2*t**3/3 - t**2/2 + 454. What is n(2)?
6
Let g(f) = 4*f + 7. Suppose 60 = 371*q - 383*q. Determine g(q).
-13
Let w(g) = g - 2. Let o(k) = -5*k + 12. Let i be o(2). Suppose -4 = -2*x + 4*x + p, 3*p = i*x - 12. Give w(x).
-2
Let g be 4/(-3) + (-2)/(-6). Suppose -8*z = -2*z - 30. Let h(b) = z*b - 42 + 41 - 3*b - 4*b. Determine h(g).
1
Let d(h) = 162*h - 1 - 167*h - 2. Give d(-5).
22
Let o(m) = m**3 + 2*m**2 - 7*m - 6. Let i(t) = -7*t - 10. Let p be i(-4). Let u be (-245)/9 + p/81. Let d be 6/u + 68/(-18). Determine o(d).
-10
Suppose 2*b - 28 = 6*b. Suppose -2*j = d + 3*j + 9, -j = -2*d - 18. Let s(a) = 4*a + 56. Let l(k) = k + 14. Let x(u) = d*l(u) + 2*s(u). What is x(b)?
-7
Let j(f) = 5*f**2 - 7*f - 1. Let q(d) = -14*d**2 + 20*d + 3. Let p(i) = -17*j(i) - 6*q(i). Calculate p(-2).
-3
Let i(j) = 2*j**2 - 9*j - 10. Let o(m) = m**2 - 5*m - 4. Let q(d) = 3*i(d) - 5*o(d). Give q(7).
25
Suppose 21 = -3*k + 4*k - 5*c, -2*k + 6 = 2*c. Let g(i) = -i**2 + 6*i + 5. Give g(k).
5
Let t(k) = 2*k + 4. Suppose -2*b - 5 = 3*b. Let a be (2/(-6)*0)/b. Let w be t(a). Let l(c) = c + 4. Calculate l(w).
8
Let o(r) = -r**3 - 4*r**2 + r + 4. Let a be o(-4). Suppose 5*b = -2*l + 40, -3*b = 4*l + 6 - 30. Let u(y) = b - 17 + y + 5 + y**3. Determine u(a).
-4
Let g = -39 - -38. Let q(r) = -7*r**2 + 1. Determine q(g).
-6
Let i(v) = -v. Let r(j) = 3*j + 2. Let b(w) = 2*i(w) + r(w). Suppose -3*m = -6*m - 24. Give b(m).
-6
Let v(a) = 1 + 21*a + 0 - 24*a - 2 - a**2 + 6. What is v(5)?
-35
Suppose -f = 2*f - 5*q, 4*f = -5*q + 35. Let g(a) = -27 + 3*a**2 - 4*a**2 + 2*a**2 - 7*a + 32. Determine g(f).
-5
Let a = -6 - -10. Let x(o) = -2*o + 3. Let y be x(a). Let t(m) = -m**2 - 3*m - 3. Determine t(y).
-13
Suppose -4*b + 0 = 4*s + 16, -s + 6 = -b. Let y be (-35)/30 + s + (-50)/(-12). Let i(q) be the first derivative of -q**2/2 - 1. Determine i(y).
-4
Let j(b) be the second derivative of 5*b**3/3 + 3*b**2 + 589*b. Calculate j(1).
16
Let o(d) = d**2 + 9*d - 12. Let j(m) = 5*m**3 + 39*m**2 - 10*m - 26. Let l be j(-8). Give o(l).
-2
Let n(o) = -2*o**2 - 3*o + 3. Let t be ((-28)/(-7) - -2) + -4. Calculate n(t).
-11
Let h be (-1 - 2) + 10/1. Let d(t) = t + 2. Let o(a) = -4*a - 5. Let i(f) = h*d(f) + 2*o(f). Determine i(0).
4
Let y = 21 + -25. Let d be (-1)/(-5) + y/20. Let r(w) = w**2 - w - 2. Let t be r(d). Let b(k) = -k**3 - k**2 + k - 1. What is b(t)?
1
Let c(b) = b**2 + 21*b + 15. Let u be c(-20). Let k